NOAA-Style Climate Reports

Select a Year or Month report
2019: Jan Feb Mar Apr May Jun Jul Aug Sep Oct Nov Dec
2018: Jan Feb Mar Apr May Jun Jul Aug Sep Oct Nov Dec
2017: Jan Feb Mar Apr May Jun Jul Aug Sep Oct Nov Dec
2016: Jan Feb Mar Apr May Jun Jul Aug Sep Oct Nov Dec
2015: Jan Feb Mar Apr May Jun Jul Aug Sep Oct Nov Dec

Report for 2019 August
                   Monthly Climatological Summary for Aug 2019

Name: Gorge-East Weather   City: The Dalles   State: Oregon
Elevation: 486 ft  Lat: N 45 35 25   Lon: W 121 11 07

                  Temperature (°F), Rain (in), Wind Speed (mph)

                                      Heat  Cool        Avg
    Mean                              Deg   Deg         Wind                 Dom
Day Temp  High   Time   Low    Time   Days  Days  Rain  Speed High   Time    Dir
----------------------------------------------------------------------------------
01  78.4  91.5  5:14PM  62.2  5:38AM   0.1  13.5  0.00   2.7  17.0  7:49PM   NNW
02  75.5  82.0  2:18PM  67.4  6:07AM   0.0  10.5  0.00   4.3  24.0  4:10PM    NW
03  77.3  93.0  4:20PM  62.4  5:19AM   0.2  12.5  0.00   1.3  15.0  4:49PM     N
04  80.2  97.6  3:57PM  62.8  5:48AM   0.1  15.3  0.00   1.4   9.0  1:56PM    NE
05  83.3 102.2  4:35PM  67.7  5:30AM   0.0  18.3  0.00   1.6  10.0  9:35PM    NE
06  82.1  96.3  3:16PM  69.5  5:46AM   0.0  17.1  0.00   1.8  12.0  5:39PM   NNE
07  79.1  92.3  3:55PM  69.0  5:34AM   0.0  14.1  0.00   2.8  20.0  8:59PM   NNW
08  73.6  81.5  3:26PM  69.0 11:10PM   0.0   8.6  0.00   4.2  25.0  4:55PM    NW
09  73.3  86.2  5:04PM  63.3  9:40PM   0.1   8.5  0.80   3.2  20.0  8:48PM   NNW
10  70.9  80.6  3:41PM  60.3  6:21AM   0.5   6.4  0.01   3.0  21.0  3:54PM    NW
11  69.4  75.9  5:15PM  62.8  6:37AM   0.1   4.5  0.00   3.6  23.0  1:37PM   WNW
12  71.6  84.7  5:27PM  57.5  6:10AM   1.4   8.0  0.00   1.3  17.0  5:31PM     N
13  75.8  93.2  5:21PM  58.4  5:52AM   0.9  11.7  0.00   1.3  10.0  6:31PM   NNW
14  77.3  89.7  3:03PM  62.8  6:22AM   0.1  12.4  0.00   2.9  20.0 10:59PM    NW
15  75.9  84.6  2:55PM  64.7  6:27AM   0.0  10.9  0.00   4.2  22.0  4:01PM    NW
16  71.2  79.7  4:13PM  62.2  6:21AM   0.2   6.3  0.00   4.3  21.0  4:46PM    NW
17  69.0  77.1  3:44PM  62.4  6:47AM   0.5   4.5  0.00   3.8  20.0 10:04AM   WNW
----------------------------------------------------------------------------------
    75.5 102.2     5    57.5    12     4.2 183.1  0.81   2.8  25.0     8      NW

Max >=  80.0 14
Max <=  32.0  0
Min <=  32.0  0
Min <=   0.0  0
Max Rain: 0.80 on day 9
Days of Rain: 2 (>= 0.01 in)  1 (>= 0.10 in)  0 (>= 1.00 in)
Heat Base: 65.0  Cool Base: 65.0  Method: Integration