NOAA-Style Climate Reports


Report for 2024 June

Daily noaa report



                            MONTHLY CLIMATOLOGICAL SUMMARY for JUN. 2024

NAME: Gorge-East Weather   CITY: The Dalles STATE: Oregon
ELEV: 486 LAT: 045:35:25 LONG: 0121:11:07

                            TEMPERATURE ( °F), RAIN (in.), WIND SPEED (mph)

                                               HEAT     COOL           AVG
      MEAN                                     DEG      DEG            WIND                       DOM
DAY   TEMP    HIGH   TIME     LOW    TIME      DAYS     DAYS    RAIN   SPEED    HIGH    TIME      DIR
--------------------------------------------------------------------------------------------------------
01    65.2   074.8   16:15    54.8   02:59     00.0     00.2   00.00   03.8     26.4    15:56      NW
02    61.7   067.0   11:53    58.2   23:24     03.3     00.0   00.03   02.6     17.3    03:00     NNW
03    59.2   064.2   15:46    54.9   00:00     05.8     00.0   00.16   07.8     41.4    12:19     WNW
04    59.2   065.9   17:37    53.0   01:29     05.7     00.0   00.00   04.5     32.2    19:43      NW
05    65.5   079.3   17:02    51.7   06:02     00.0     00.5   00.00   04.1     24.1    00:49      NW
06    69.9   088.1   17:07    52.3   04:46     00.0     05.0   00.00   03.0     25.3    16:15     NNW
07    75.0   089.9   16:50    58.8   05:39     00.0     10.0   00.00   02.7     16.1    13:49      NE
08    73.7   089.1   16:59    56.3   05:49     00.0     08.8   00.00   02.5     14.9    21:33     NNW
09    73.6   082.7   16:15    65.4   08:36     00.0     08.7   00.00   08.0     29.9    18:28     WNW
10    72.5   087.4   16:07    57.1   05:42     00.0     07.5   00.00   03.8     19.6    16:57     NNW
11    70.0   075.6   16:56    61.2   23:59     00.0     05.1   00.00   06.6     34.5    15:40      NW
12    65.6   079.9   15:13    48.3   05:47     00.0     00.7   00.00   04.9     23.0    19:26      NW
13    66.9   084.4   15:50    48.8   05:37     00.0     02.0   00.00   04.0     27.6    20:57      NW
14    63.3   071.5   16:54    52.8   05:38     01.6     00.0   00.00   06.7     25.3    11:50     NNW
15    56.4   063.2   17:14    49.3   23:36     08.6     00.0   00.01   06.6     31.1    12:08     WNW
16    55.9   067.5   17:15    45.5   05:46     09.1     00.0   00.00   04.9     25.3    23:20     WNW
17    58.9   066.2   15:51    51.9   06:46     06.0     00.0   00.00   08.8     36.8    16:17     WNW
18    63.2   078.7   18:19    47.0   05:29     01.8     00.0   00.00   02.9     12.7    16:55     NNW
19    68.7   087.1   17:22    48.7   05:20     00.0     03.8   00.00   02.1     16.1    14:09      NE
20    73.2   091.7   17:27    53.4   05:29     00.0     08.2   00.00   01.7     13.8    16:56      NE
21    76.4   095.0   18:00    55.2   05:47     00.0     11.5   00.00   02.0     11.5    22:42     NNE
22    74.5   088.5   16:00    73.0   00:00     00.0     09.5   00.00   08.1     25.3    23:23     WNW
23    67.6   073.5   15:53    62.0   00:00     00.0     02.7   00.00   08.9     32.2    17:05      NW
--------------------------------------------------------------------------------------------------------
66.8 (66.8)   95.0  day 21     45.5  day 16   041.8    084.2   00.20   04.8     41.4   day 11      NW
Max >  86: 8
Min <  86: 23
Max Rain: 0.16 ON 3-06-24
Days of Rain: 3 (> .008in) 1 (> .08in) 0 (> 0.8in)