NOAA-Style Climate Reports


Report for 2018 June

Daily noaa report




                            MONTHLY CLIMATOLOGICAL SUMMARY for JUN. 2018

NAME:    CITY:  STATE: 
ELEV:  LAT:  LONG: 

                            TEMPERATURE ( °F), RAIN (in.), WIND SPEED (mph)

                                               HEAT     COOL           AVG
      MEAN                                     DEG      DEG            WIND                       DOM
DAY   TEMP    HIGH   TIME     LOW    TIME      DAYS     DAYS    RAIN   SPEED    HIGH    TIME      DIR
--------------------------------------------------------------------------------------------------------
01    60.9   071.1   16:31    49.9   04:48     04.0     00.0   00.00   04.2     20.7    13:07      NW
02    69.1   086.5   17:42    50.0   05:37     00.0     04.1   00.00   02.1     13.8    20:02     NNW
03    68.3   079.2   14:44    58.2   04:54     00.0     03.4   00.00   04.2     24.1    20:00      NW
04    62.5   070.1   16:53    55.2   06:26     02.4     00.0   00.00   05.6     25.3    12:50      NW
05    62.8   074.3   16:41    47.0   06:00     02.2     00.0   00.00   03.5     18.4    18:04      NW
06    68.3   084.1   17:41    51.4   05:06     00.0     03.3   00.00   02.0     10.3    23:38     NNE
07    66.3   073.2   16:39    60.1   05:32     00.0     01.3   00.00   05.4     24.1    17:44      NW
08    63.6   075.8   15:16    56.1   23:51     01.4     00.0   00.15   03.7     26.4    17:57      NW
09    57.3   064.3   13:33    51.7   23:18     07.7     00.0   00.02   04.2     23.0    12:17     WNW
10    53.5   061.6   12:01    45.5   05:59     11.4     00.0   00.08   02.8     21.9    16:23     NNW
11    61.3   073.9   15:47    45.8   05:56     03.6     00.0   00.00   03.4     19.6    16:12      NW
12    65.7   082.4   19:17    46.7   05:45     00.0     00.8   00.00   01.8     10.3    20:07     NNW
13    64.6   068.9   01:08    58.9   00:00     00.4     00.0   00.00   05.5     25.3    13:17      NW
14    62.1   070.1   16:39    52.9   06:15     02.9     00.0   00.00   05.1     23.0    16:17     WNW
15    64.0   075.8   15:22    50.0   06:00     00.9     00.0   00.00   04.0     20.7    18:59     WNW
16    64.6   077.5   14:18    56.1   05:05     00.3     00.0   00.18   02.6     20.7    14:52      NW
17    72.3   086.0   16:40    56.7   05:29     00.0     07.4   00.01   02.1     16.1    17:17      NE
18    74.0   084.8   14:52    65.5   06:30     00.0     09.0   00.00   02.1     16.1    16:29      N 
19    75.6   091.4   19:31    62.7   05:57     00.0     10.7   00.00   01.4     09.2    16:48      NW
20    77.8   092.9   14:47    61.2   06:01     00.0     12.8   00.00   01.8     13.8    18:18     NNW
21    71.5   080.2   16:09    64.3   07:18     00.0     06.5   00.00   05.2     21.9    14:22      NW
22    70.0   079.0   16:34    59.3   05:27     00.0     05.1   00.00   04.9     24.1    14:09     WNW
23    70.0   079.3   15:51    60.6   05:12     00.0     05.1   00.00   04.7     20.7    06:40     WNW
24    76.8   095.8   17:28    56.4   05:05     00.0     11.9   00.00   02.1     17.3    23:38      NE
25    68.5   078.0   00:01    61.3   00:00     00.0     03.5   00.00   06.4     28.8    15:07      NW
26    67.3   080.0   17:23    53.1   06:01     00.0     02.3   00.00   03.5     18.4    15:52      NW
27    68.4   080.1   14:53    54.0   05:20     00.0     03.4   00.00   04.5     26.4    16:28      NW
28    64.7   072.7   16:50    55.9   04:00     00.2     00.0   00.00   05.7     27.6    14:57     WNW
29    69.4   081.4   16:47    56.6   04:23     00.0     04.4   00.00   04.1     23.0    21:42      NW
30    70.6   083.3   15:03    57.3   05:51     00.0     05.6   00.00   05.4     26.4    17:55      NW
--------------------------------------------------------------------------------------------------------
67.0 (66.9)   95.8  day 24     45.5  day 10   037.5    100.7   00.44   03.8     28.8   day 30      NW
Max >  86: 5
Min <  86: 30
Max Rain: 0.18 ON 16-06-18
Days of Rain: 5 (> .008in) 2 (> .08in) 0 (> 0.8in)