NOAA-Style Climate Reports


Report for 2022 November

Daily noaa report




                            MONTHLY CLIMATOLOGICAL SUMMARY for NOV. 2022

NAME: Gorge-East Weather   CITY: The Dalles STATE: Oregon
ELEV: 486 LAT: 045:35:25 LONG: 0121:11:07

                            TEMPERATURE ( °F), RAIN (in.), WIND SPEED (mph)

                                               HEAT     COOL           AVG
      MEAN                                     DEG      DEG            WIND                       DOM
DAY   TEMP    HIGH   TIME     LOW    TIME      DAYS     DAYS    RAIN   SPEED    HIGH    TIME      DIR
--------------------------------------------------------------------------------------------------------
01    45.9   048.9   00:02    41.8   20:40     19.0     00.0   00.26   00.3     10.3    15:21      W 
02    41.5   048.1   13:02    35.9   23:56     23.4     00.0   00.00   00.5     11.5    14:00     WSW
03    39.1   045.8   14:49    33.0   07:48     25.8     00.0   00.07   00.0     03.5    14:26      E 
04    48.6   059.2   14:19    40.5   01:25     16.4     00.0   00.57   00.4     23.0    17:39      SW
05    47.9   059.5   01:31    38.7   00:00     17.1     00.0   00.03   05.1     36.8    03:00      W 
06    39.2   042.5   14:16    33.6   05:35     25.7     00.0   00.05   00.2     08.1    13:00     WSW
07    39.9   046.5   15:09    33.6   07:10     25.0     00.0   00.00   00.2     06.9    18:35      SW
08    39.8   045.8   12:25    34.4   00:00     25.2     00.0   00.00   00.5     11.5    12:57      SE
09    38.0   051.0   14:50    28.1   07:14     26.9     00.0   00.00   00.8     17.3    14:36     NNW
10    40.8   051.6   14:27    34.1   00:00     24.2     00.0   00.00   00.4     08.1    03:12      SW
11    35.0   037.7   14:24    32.3   05:51     29.9     00.0   00.00   00.5     09.2    14:28      E 
12    36.0   043.9   14:46    29.2   23:55     28.9     00.0   00.00   00.2     04.6    10:28     ENE
13    32.4   042.0   15:28    26.7   05:35     32.5     00.0   00.00   00.0     03.5    13:02      NE
14    33.9   041.0   14:59    26.4   05:31     31.1     00.0   00.00   00.1     08.1    13:36     ENE
15    36.2   041.9   13:39    28.4   22:54     28.7     00.0   00.00   00.3     11.5    15:16     ESE
16    32.5   034.7   14:07    29.4   00:19     32.4     00.0   00.00   00.0     06.9    20:30     ESE
17    33.2   038.2   15:50    25.2   00:00     31.8     00.0   00.00   00.0     04.6    02:38     SSW
18    28.2   039.8   14:59    21.8   05:55     36.8     00.0   00.00   00.1     08.1    14:49     SSE
19    26.8   034.1   13:53    21.3   02:59     38.1     00.0   00.00   00.1     10.3    12:59     SSE
20    27.6   030.8   15:19    24.0   07:51     37.4     00.0   00.00   00.3     06.9    07:56     NNW
21    31.1   034.9   15:14    28.3   04:02     33.9     00.0   00.00   00.0     03.5    14:01      E 
22    33.9   049.9   21:47    27.8   04:34     31.0     00.0   00.24   00.6     19.6    21:07      W 
23    44.6   053.8   14:41    35.7   00:00     20.4     00.0   00.00   00.4     09.2    03:39      SW
24    36.0   039.3   13:25    32.2   04:58     28.9     00.0   00.00   00.1     09.2    14:00      E 
25    39.9   050.9   16:07    34.3   05:23     25.1     00.0   00.00   01.1     18.4    16:13      W 
26    42.8   049.6   14:22    34.2   06:00     22.2     00.0   00.00   00.6     14.9    17:43      W 
27    42.5   047.3   09:56    37.4   20:34     22.5     00.0   00.05   02.0     24.1    09:57      W 
28    39.2   044.6   12:54    32.9   00:00     25.7     00.0   00.01   02.2     21.9    09:10     WNW
29    32.4   035.3   15:32    29.7   03:56     32.5     00.0   00.00   00.6     08.1    23:18     ESE
30    36.8   042.0   14:18    32.0   04:21     28.1     00.0   00.26   00.2     10.3    20:28     NNE
--------------------------------------------------------------------------------------------------------
37.4 (37.9)   59.5  day 05     21.3  day 19   826.6    000.0   01.53   00.6     36.8   day 05     WSW
Max <  32: 1
Min <  86: 30
Min <  23: 2
Max Rain: 0.57 ON 4-11-22
Days of Rain: 9 (> .008in) 4 (> .08in) 0 (> 0.8in)